{"id":211,"date":"2021-02-22T11:30:59","date_gmt":"2021-02-22T10:30:59","guid":{"rendered":"http:\/\/www.avantiare.es\/?page_id=211"},"modified":"2021-02-22T12:13:44","modified_gmt":"2021-02-22T11:13:44","slug":"211-2","status":"publish","type":"page","link":"https:\/\/www.avantiare.es\/?page_id=211","title":{"rendered":"Que hacemos"},"content":{"rendered":"<p>[et_pb_section fb_built=\u00bb1&#8243; admin_label=\u00bbHero\u00bb _builder_version=\u00bb4.6.6&#8243; use_background_color_gradient=\u00bbon\u00bb background_color_gradient_start=\u00bbrgba(40,40,40,0.79)\u00bb background_color_gradient_end=\u00bbrgba(40,40,40,0.86)\u00bb background_color_gradient_type=\u00bbradial\u00bb background_color_gradient_direction_radial=\u00bbtop left\u00bb background_color_gradient_overlays_image=\u00bbon\u00bb background_image=\u00bbhttp:\/\/www.avantiare.es\/wp-content\/uploads\/2020\/12\/logo-AVANTIARE-scaled.jpg\u00bb custom_margin=\u00bb||||false\u00bb custom_padding=\u00bb10vw||10vw||true|false\u00bb][et_pb_row column_structure=\u00bb2_3,1_3&#8243; _builder_version=\u00bb4.6.6&#8243; hover_enabled=\u00bb0&#8243; sticky_enabled=\u00bb0&#8243;][et_pb_column type=\u00bb2_3&#8243; _builder_version=\u00bb3.25&#8243; custom_padding=\u00bb|||\u00bb custom_padding__hover=\u00bb|||\u00bb][et_pb_text _builder_version=\u00bb4.6.6&#8243; text_font=\u00bb||||||||\u00bb text_text_color=\u00bb#e02b20&#8243; header_font=\u00bbRubik|700|||||||\u00bb header_font_size=\u00bb64px\u00bb header_line_height=\u00bb1.1em\u00bb background_color=\u00bbrgba(0,0,0,0)\u00bb background_enable_image=\u00bboff\u00bb background_layout=\u00bbdark\u00bb max_width=\u00bb800px\u00bb custom_margin=\u00bb||0px|\u00bb custom_padding=\u00bb|||16px\u00bb hover_enabled=\u00bb0&#8243; text_font_size_tablet=\u00bb14px\u00bb text_font_size_last_edited=\u00bboff|desktop\u00bb header_font_size_tablet=\u00bb44px\u00bb header_font_size_phone=\u00bb32px\u00bb header_font_size_last_edited=\u00bbon|phone\u00bb border_color_all=\u00bb#e02b20&#8243; border_width_left=\u00bb10px\u00bb header_text_color=\u00bb#ffffff\u00bb sticky_enabled=\u00bb0&#8243;]<\/p>\n<h1>En que consiste Avantiare<\/h1>\n<p>[\/et_pb_text][\/et_pb_column][et_pb_column type=\u00bb1_3&#8243; _builder_version=\u00bb3.25&#8243; custom_padding=\u00bb|||\u00bb custom_padding__hover=\u00bb|||\u00bb][\/et_pb_column][\/et_pb_row][\/et_pb_section][et_pb_section fb_built=\u00bb1&#8243; admin_label=\u00bbProject Details\u00bb _builder_version=\u00bb3.22&#8243; custom_padding=\u00bb90px||90px||true\u00bb][et_pb_row _builder_version=\u00bb3.25&#8243; custom_margin=\u00bb|auto||209px||\u00bb][et_pb_column _builder_version=\u00bb4.6.6&#8243; _module_preset=\u00bbdefault\u00bb type=\u00bb4_4&#8243;][et_pb_text _builder_version=\u00bb3.27.4&#8243; text_font=\u00bb||||||||\u00bb link_font=\u00bb||||||||\u00bb ul_font=\u00bb||||||||\u00bb ol_font=\u00bb||||||||\u00bb quote_font=\u00bb||||||||\u00bb header_font=\u00bb||||||||\u00bb header_2_font=\u00bbRubik|700|||||||\u00bb header_2_font_size=\u00bb42px\u00bb header_2_line_height=\u00bb1.2em\u00bb module_alignment=\u00bbcenter\u00bb custom_margin=\u00bb|||\u00bb custom_padding=\u00bb|||\u00bb header_2_font_size_tablet=\u00bb\u00bb header_2_font_size_phone=\u00bb36px\u00bb header_2_font_size_last_edited=\u00bbon|phone\u00bb locked=\u00bboff\u00bb]<\/p>\n<h2>Quienes Somos<\/h2>\n<p>[\/et_pb_text][et_pb_divider color=\u00bb#e02b20&#8243; divider_position=\u00bbcenter\u00bb divider_weight=\u00bb5px\u00bb _builder_version=\u00bb4.6.6&#8243; max_width=\u00bb50px\u00bb hover_enabled=\u00bb0&#8243; locked=\u00bboff\u00bb sticky_enabled=\u00bb0&#8243;][\/et_pb_divider][et_pb_text _builder_version=\u00bb3.27.4&#8243; text_font=\u00bb||||||||\u00bb text_font_size=\u00bb15px\u00bb text_line_height=\u00bb1.8em\u00bb custom_padding=\u00bb|||\u00bb custom_padding_tablet=\u00bb|40px||40px||true\u00bb custom_padding_last_edited=\u00bboff|desktop\u00bb locked=\u00bboff\u00bb]<\/p>\n<p><strong>La empresa AVANTIARE Construcciones y Medioambiente, S.A<\/strong>. , nace con la finalidad de englobar los servicios integrales y necesidades de sus clientes, desde la participaci\u00f3n activa hasta la fase de la redacci\u00f3n del propio proyecto.<\/p>\n<p>As\u00ed, AVANTIARE est\u00e1 formada por un equipo de t\u00e9cnicos y profesionales que se organizan a su vez en tres l\u00edneas de negocio incorporadas dentro de \u00c1rea T\u00e9cnica la Empresa:<\/p>\n<p><strong>\u2022 Obras de Construcci\u00f3n <\/strong><\/p>\n<p><strong>( Restauraci\u00f3n y Nueva planta)<\/strong><\/p>\n<p><strong>\u2022 Obras de Construcci\u00f3n Industrial y Estructura Prefabricada de Hormig\u00f3n\u00a0<\/strong><\/p>\n<p><strong>\u2022 Instalaciones: <\/strong><\/p>\n<p><strong>(El\u00e9ctricas, Mec\u00e1nicas y Contra Incendios)<\/strong><\/p>\n<p><strong>\u2022 Medioambiente <\/strong><\/p>\n<p><strong>(tratamiento y depuraci\u00f3n de aguas)<\/strong><\/p>\n<p style=\"text-align: center;\"><span>es.<\/span><\/p>\n<ul><\/ul>\n<p>[\/et_pb_text][\/et_pb_column][\/et_pb_row][et_pb_row _builder_version=\u00bb3.25&#8243; custom_margin=\u00bb|auto||209px||\u00bb][et_pb_column _builder_version=\u00bb4.6.6&#8243; _module_preset=\u00bbdefault\u00bb type=\u00bb4_4&#8243;][et_pb_text _builder_version=\u00bb3.27.4&#8243; text_font=\u00bb||||||||\u00bb link_font=\u00bb||||||||\u00bb ul_font=\u00bb||||||||\u00bb ol_font=\u00bb||||||||\u00bb quote_font=\u00bb||||||||\u00bb header_font=\u00bb||||||||\u00bb header_2_font=\u00bbRubik|700|||||||\u00bb header_2_font_size=\u00bb42px\u00bb header_2_line_height=\u00bb1.2em\u00bb module_alignment=\u00bbcenter\u00bb custom_margin=\u00bb|||\u00bb custom_padding=\u00bb|||\u00bb header_2_font_size_tablet=\u00bb\u00bb header_2_font_size_phone=\u00bb36px\u00bb header_2_font_size_last_edited=\u00bbon|phone\u00bb locked=\u00bboff\u00bb]<\/p>\n<h2>\u00c1mbito De Actuaci\u00f3n<\/h2>\n<p>[\/et_pb_text][et_pb_divider color=\u00bb#e02b20&#8243; divider_position=\u00bbcenter\u00bb divider_weight=\u00bb5px\u00bb _builder_version=\u00bb4.6.6&#8243; max_width=\u00bb50px\u00bb hover_enabled=\u00bb0&#8243; locked=\u00bboff\u00bb sticky_enabled=\u00bb0&#8243;][\/et_pb_divider][et_pb_text _builder_version=\u00bb3.27.4&#8243; text_font=\u00bb||||||||\u00bb text_font_size=\u00bb15px\u00bb text_line_height=\u00bb1.8em\u00bb custom_padding=\u00bb|||\u00bb custom_padding_tablet=\u00bb|40px||40px||true\u00bb custom_padding_last_edited=\u00bboff|desktop\u00bb locked=\u00bboff\u00bb]<\/p>\n<p style=\"text-align: center;\"><span>Como \u00e1mbito de trabajo estamos implantados en la comunidad de Andaluc\u00eda, Extremadura , Castilla La Mancha, Madrid y Murcia, siendo nuestro direccional la ejecuci\u00f3n de obras del sector industrial, rehabilitaciones, edificaci\u00f3n singular y como servicios medioambientales, el tratamiento y la depuraci\u00f3n de aguas industriales.<\/span><\/p>\n<ul><\/ul>\n<p>[\/et_pb_text][\/et_pb_column][\/et_pb_row][et_pb_row _builder_version=\u00bb3.25&#8243; custom_margin=\u00bb|auto||209px||\u00bb custom_padding=\u00bb|0px||||\u00bb][et_pb_column type=\u00bb4_4&#8243; _builder_version=\u00bb3.25&#8243; custom_padding=\u00bb|||\u00bb custom_padding__hover=\u00bb|||\u00bb][et_pb_text _builder_version=\u00bb3.27.4&#8243; text_font=\u00bb||||||||\u00bb link_font=\u00bb||||||||\u00bb ul_font=\u00bb||||||||\u00bb ol_font=\u00bb||||||||\u00bb quote_font=\u00bb||||||||\u00bb header_font=\u00bb||||||||\u00bb header_2_font=\u00bbRubik|700|||||||\u00bb header_2_font_size=\u00bb42px\u00bb header_2_line_height=\u00bb1.2em\u00bb module_alignment=\u00bbcenter\u00bb custom_margin=\u00bb|||\u00bb custom_padding=\u00bb|||\u00bb header_2_font_size_tablet=\u00bb\u00bb header_2_font_size_phone=\u00bb36px\u00bb header_2_font_size_last_edited=\u00bbon|phone\u00bb locked=\u00bboff\u00bb]<\/p>\n<h2>Equipo Humano<\/h2>\n<p>[\/et_pb_text][et_pb_divider color=\u00bb#e02b20&#8243; divider_position=\u00bbcenter\u00bb divider_weight=\u00bb5px\u00bb _builder_version=\u00bb4.6.6&#8243; max_width=\u00bb50px\u00bb hover_enabled=\u00bb0&#8243; locked=\u00bboff\u00bb sticky_enabled=\u00bb0&#8243;][\/et_pb_divider][et_pb_text _builder_version=\u00bb3.27.4&#8243; text_font=\u00bb||||||||\u00bb text_font_size=\u00bb15px\u00bb text_line_height=\u00bb1.8em\u00bb width=\u00bb98.9%\u00bb custom_padding=\u00bb|0px||||\u00bb custom_padding_tablet=\u00bb|40px||40px||true\u00bb custom_padding_last_edited=\u00bboff|desktop\u00bb locked=\u00bboff\u00bb]<\/p>\n<p style=\"text-align: justify;\"><span>El equipo de t\u00e9cnicos que conforma la plantilla de AVANTIARE Construcciones y Medioambiente, S.A. procede de las principales empresas de sector, abarcando una experiencia de m\u00e1s de 15 a\u00f1os en su haber y habiendo participado en la ejecuci\u00f3n de obras de los principales proyectos en su sector.<\/span><\/p>\n<p style=\"text-align: justify;\">Nos ofrecemos como constructores de su confianza para la ejecuci\u00f3n de obras en las que nuestra experiencia y dedicaci\u00f3n le permitir\u00e1 alcanzar los mayores est\u00e1ndares de calidad, garant\u00edas y cumplimiento de plazos y presupuestos.<\/p>\n<p style=\"text-align: justify;\">A partir de contar con un equipo de t\u00e9cnicos de primer nivel, AVANTIARE est\u00e1 destinada a ocupar el puesto como empresa l\u00edder en su cuota de mercado en el sector de la construcci\u00f3n, cada vez m\u00e1s, participando en obras de mayor envergadura.<\/p>\n<p style=\"text-align: justify;\"><strong>AVANTIARE Construcciones y Medioambiente, S.A.<\/strong><span>\u00a0<\/span>, se presenta hoy como una empresa l\u00edder en el sector de la construcci\u00f3n de Andaluc\u00eda, que se ha ido especializando en la ejecuci\u00f3n de obras y el desarrollo de instalaciones en el \u00e1mbito de la construcci\u00f3n industrial, instalaciones el\u00e9ctricas, rehabilitaci\u00f3n de obras, edificaci\u00f3n de centros comerciales, obras de ascensores, edificios de oficinas, infraestructuras deportivas, obras singulares,etc.<\/p>\n<ul><\/ul>\n<p>[\/et_pb_text][\/et_pb_column][\/et_pb_row][et_pb_row _builder_version=\u00bb4.6.6&#8243; custom_margin=\u00bb|auto||209px||\u00bb custom_padding=\u00bb|0px||||\u00bb hover_enabled=\u00bb0&#8243; sticky_enabled=\u00bb0&#8243;][et_pb_column type=\u00bb4_4&#8243; _builder_version=\u00bb3.25&#8243; custom_padding=\u00bb|||\u00bb custom_padding__hover=\u00bb|||\u00bb][et_pb_text _builder_version=\u00bb3.27.4&#8243; text_font=\u00bb||||||||\u00bb link_font=\u00bb||||||||\u00bb ul_font=\u00bb||||||||\u00bb ol_font=\u00bb||||||||\u00bb quote_font=\u00bb||||||||\u00bb header_font=\u00bb||||||||\u00bb header_2_font=\u00bbRubik|700|||||||\u00bb header_2_font_size=\u00bb42px\u00bb header_2_line_height=\u00bb1.2em\u00bb module_alignment=\u00bbcenter\u00bb custom_margin=\u00bb|||\u00bb custom_padding=\u00bb|||\u00bb header_2_font_size_tablet=\u00bb\u00bb header_2_font_size_phone=\u00bb36px\u00bb header_2_font_size_last_edited=\u00bbon|phone\u00bb locked=\u00bboff\u00bb]<\/p>\n<h2>Que Hacemos; Construcci\u00f3n<\/h2>\n<p>[\/et_pb_text][et_pb_divider color=\u00bb#e02b20&#8243; divider_position=\u00bbcenter\u00bb divider_weight=\u00bb5px\u00bb _builder_version=\u00bb4.6.6&#8243; max_width=\u00bb50px\u00bb hover_enabled=\u00bb0&#8243; locked=\u00bboff\u00bb sticky_enabled=\u00bb0&#8243;][\/et_pb_divider][et_pb_text _builder_version=\u00bb4.6.6&#8243; text_font=\u00bb||||||||\u00bb text_font_size=\u00bb15px\u00bb text_line_height=\u00bb1.8em\u00bb width=\u00bb98.9%\u00bb custom_padding=\u00bb|0px||||\u00bb custom_padding_tablet=\u00bb|40px||40px||true\u00bb custom_padding_last_edited=\u00bboff|desktop\u00bb hover_enabled=\u00bb0&#8243; locked=\u00bboff\u00bb sticky_enabled=\u00bb0&#8243;]<\/p>\n<div class=\"col-xs-12 col-sm-6 col-md-4 s123-col-centered\">\n<div class=\"feature-item preview-highlighter p-m-b-highlight\" data-unique-id=\"5f6c6c1d8079e\">\n<div class=\"feature-text-container\">\n<h4><strong>1. CONSTRUCCI\u00d3N INDUSTRIAL:<\/strong><\/h4>\n<p class=\"new-line-break\">Obras de edificaci\u00f3n industrial para compa\u00f1\u00edas punteras en su sector de actividad para las que ofrecemos productos que llegan a convertirse en s\u00edmbolo de las actividades que desarrollan.<\/p>\n<p class=\"new-line-break\">\n<p class=\"new-line-break\">\n<\/div>\n<div class=\"p-m-b-floating-menu\" data-type=\"moduleItem\">\n<h4><strong>2. INFRAESTRUCTURAS DEPORTIVAS:<\/strong><\/h4>\n<p class=\"new-line-break\">Modernos centros deportivos que incluyen todas las instalaciones propias de este tipo de complejos y que se ajustan a la normativa vigente.<\/p>\n<p class=\"new-line-break\">\n<h4><strong>3. EDIFICACI\u00d3N SINGULAR Y REHABILITACI\u00d3N:<\/strong><\/h4>\n<p class=\"new-line-break\">Reformas, rehabilitaciones y nuevas construcciones en cuya concepci\u00f3n se tiene en cuenta la finalidad y el uso para el que se destina el edificio.<\/p>\n<p class=\"new-line-break\">\n<p class=\"new-line-break\">\n<div class=\"col-xs-12 col-sm-6 col-md-4 s123-col-centered\">\n<div class=\"feature-item preview-highlighter p-m-b-highlight\" data-unique-id=\"5f6c6c1d8f164\">\n<div class=\"feature-text-container\">\n<h4><strong>4. SEDES CORPORATIVAS:<\/strong><\/h4>\n<p class=\"new-line-break\">Edificios y conjuntos de oficinas caracterizados por la versatilidad, la calidad y el aprovechamiento funcional del espacio. Nuestras construcciones se adecuan a la actividad que se desarrollar\u00e1 en ellos. Materiales, acabados, ventilaci\u00f3n natural, climatizaci\u00f3n, zonas comunes e instalaciones se para hacer de estos emplazamientos lugares m\u00e1s habitables por sus usuarios.<\/p>\n<p class=\"new-line-break\"><strong>5. CENTROS COMERCIALES Y DE OCIO:<\/strong><\/p>\n<p class=\"new-line-break\">Edificios concebidos para ofrecer al p\u00fablico una amplia gama de art\u00edculos bajo la apariencia de una gran unidad. Estos centros cuentan con una superficie que alberga servicios complementarios e infraestructuras propias de este tipo de establecimientos: aparcamientos para clientes, emplazamientos destinados a actividades de ocio, etc.<\/p>\n<\/div>\n<div class=\"p-m-b-floating-menu\" data-type=\"moduleItem\">\n<div class=\"container aos-init aos-animate\" data-aos=\"fade-up\">\n<div class=\"row text-center features-container\">\n<div class=\"col-xs-12 col-sm-6 col-md-4 s123-col-centered\">\n<div class=\"feature-item preview-highlighter p-m-b-highlight\" data-unique-id=\"5f6c6c1d93d3f\">\n<div class=\"p-m-b-floating-menu\" data-type=\"moduleItem\"><a class=\"p-m-b-floating-menu-btn\" data-type=\"undefined\"><\/a><\/div>\n<\/div>\n<\/div>\n<\/div>\n<\/div>\n<div class=\"p-s-m on-bottom previewManageButton\"><\/div>\n<\/div>\n<\/div>\n<\/div>\n<\/div>\n<\/div>\n<\/div>\n<div class=\"col-xs-12 col-sm-6 col-md-4 s123-col-centered\">\n<div class=\"feature-item preview-highlighter p-m-b-highlight\" data-unique-id=\"5f6c6c1d85638\"><\/div>\n<\/div>\n<p>[\/et_pb_text][\/et_pb_column][\/et_pb_row][et_pb_row _builder_version=\u00bb4.6.6&#8243; custom_margin=\u00bb|auto||209px||\u00bb custom_padding=\u00bb|0px||||\u00bb hover_enabled=\u00bb0&#8243; sticky_enabled=\u00bb0&#8243;][et_pb_column type=\u00bb4_4&#8243; _builder_version=\u00bb3.25&#8243; custom_padding=\u00bb|||\u00bb custom_padding__hover=\u00bb|||\u00bb][et_pb_text _builder_version=\u00bb3.27.4&#8243; text_font=\u00bb||||||||\u00bb link_font=\u00bb||||||||\u00bb ul_font=\u00bb||||||||\u00bb ol_font=\u00bb||||||||\u00bb quote_font=\u00bb||||||||\u00bb header_font=\u00bb||||||||\u00bb header_2_font=\u00bbRubik|700|||||||\u00bb header_2_font_size=\u00bb42px\u00bb header_2_line_height=\u00bb1.2em\u00bb module_alignment=\u00bbcenter\u00bb custom_margin=\u00bb|||\u00bb custom_padding=\u00bb|||\u00bb header_2_font_size_tablet=\u00bb\u00bb header_2_font_size_phone=\u00bb36px\u00bb header_2_font_size_last_edited=\u00bbon|phone\u00bb locked=\u00bboff\u00bb]<\/p>\n<h2>Que Hacemos; Instalaciones<\/h2>\n<p>[\/et_pb_text][et_pb_divider color=\u00bb#e02b20&#8243; divider_position=\u00bbcenter\u00bb divider_weight=\u00bb5px\u00bb _builder_version=\u00bb4.6.6&#8243; max_width=\u00bb50px\u00bb hover_enabled=\u00bb0&#8243; locked=\u00bboff\u00bb sticky_enabled=\u00bb0&#8243;][\/et_pb_divider][et_pb_text _builder_version=\u00bb4.6.6&#8243; text_font=\u00bb||||||||\u00bb text_font_size=\u00bb15px\u00bb text_line_height=\u00bb1.8em\u00bb width=\u00bb98.9%\u00bb custom_padding=\u00bb|0px||||\u00bb custom_padding_tablet=\u00bb|40px||40px||true\u00bb custom_padding_last_edited=\u00bboff|desktop\u00bb hover_enabled=\u00bb0&#8243; locked=\u00bboff\u00bb sticky_enabled=\u00bb0&#8243;]<\/p>\n<div class=\"col-xs-12 col-sm-6 col-md-4 s123-col-centered\">\n<div class=\"feature-item preview-highlighter p-m-b-highlight\" data-unique-id=\"5f6c6c1d8079e\">\n<div class=\"feature-text-container\"><strong>1. INSTALACIONES MEC\u00c1NICAS:<\/strong><\/div>\n<div class=\"feature-text-container\"><\/div>\n<div class=\"feature-text-container\">Climatizaci\u00f3n: Sistemas aire-aire, aire-agua, agua-aire y agua-agua; sistemas VRV.(Volumen Refrigerante Variable) Calefacci\u00f3n y ACS: Radiadores de suelo radiante; bomba de calor; energ\u00eda solar t\u00e9rmica; calderas\u2026, etc. Fontaner\u00eda: Fontaner\u00eda vista; canalizaci\u00f3n de gas y aire comprimido; grupos de bombeo. Ventilaci\u00f3n: Garajes, naves industriales y edificaciones.<\/div>\n<div class=\"feature-text-container\"><strong><\/strong><\/div>\n<div class=\"feature-text-container\"><strong><\/strong><\/div>\n<div class=\"feature-text-container\"><strong>2. INSTALACIONES DE ELECTRICIDAD:<\/strong><\/div>\n<div class=\"feature-text-container\"><\/div>\n<div class=\"feature-text-container\">Extinci\u00f3n:Media Tensi\u00f3n (MT): Centro de transformaci\u00f3n. Cuadro general de baja tensi\u00f3n. Extinci\u00f3n:Baja Tensi\u00f3n (BT). Acometida a caja general de protecci\u00f3n. L\u00ednea repartidora desde la CGP a cuadros BT. Distribuci\u00f3n en BT. Cuadros BT. Disminuci\u00f3n del consumo energ\u00e9tico en alumbrado p\u00fablico. Mejoras por disminuci\u00f3n de energ\u00eda reactiva. Automatismos PLCLs, Scadas y otros controles.<\/div>\n<div class=\"feature-text-container\"><strong><\/strong><\/div>\n<div class=\"feature-text-container\"><strong>3. INSTALACIONES DE SEGURIDAD Y CONTRA INCENDIOS<\/strong><\/div>\n<div class=\"feature-text-container\"><\/div>\n<div class=\"feature-text-container\">Detecci\u00f3n: Sistemas autom\u00e1ticos de detecci\u00f3n y alarma para Incendios, gases t\u00f3xicos y peligrosos, Mon\u00f3xido de carbono. Sistemas integrados, de comunicaci\u00f3n interna y especiales (EEX). Extinci\u00f3n: Sistemas port\u00e1tiles y autom\u00e1ticos, Sistemas de abastecimiento de agua Contra Incendios, Dep\u00f3sitos, Grupos de presi\u00f3n homologados.Sistemas de extinci\u00f3n h\u00fameda de Espum\u00f3genos (alta, media o baja densidad; espumas prote\u00ednicas, sint\u00e9ticas\u2026), Polvo Quimico (Sistemas autom\u00e1ticos, polvo qu\u00edmico ABC), Agentes Extintores Gaseosos (Gases inertes; agentes extintores ), etc.<\/div>\n<div class=\"p-m-b-floating-menu\" data-type=\"moduleItem\">\n<div class=\"col-xs-12 col-sm-6 col-md-4 s123-col-centered\">\n<div class=\"feature-item preview-highlighter p-m-b-highlight\" data-unique-id=\"5f6c6c1d8f164\">\n<div class=\"p-m-b-floating-menu\" data-type=\"moduleItem\">\n<div class=\"container aos-init aos-animate\" data-aos=\"fade-up\">\n<div class=\"row text-center features-container\">\n<div class=\"col-xs-12 col-sm-6 col-md-4 s123-col-centered\">\n<div class=\"feature-item preview-highlighter p-m-b-highlight\" data-unique-id=\"5f6c6c1d93d3f\">\n<div class=\"p-m-b-floating-menu\" data-type=\"moduleItem\">\n<div class=\"col-xs-12 col-sm-6 col-md-4 s123-col-centered\">\n<div class=\"feature-item preview-highlighter p-m-b-highlight\" data-unique-id=\"5f6c7ab75ae98\">\n<div class=\"feature-text-container\">\n<div class=\"container aos-init aos-animate\" data-aos=\"fade-up\">\n<div class=\"row text-center features-container\">\n<div class=\"col-xs-12 col-sm-6 col-md-4 s123-col-centered\">\n<div class=\"feature-item preview-highlighter p-m-b-highlight\" data-unique-id=\"5f6c7ab760332\">\n<div class=\"p-m-b-floating-menu\" data-type=\"moduleItem\"><\/div>\n<\/div>\n<\/div>\n<\/div>\n<\/div>\n<div class=\"p-s-m on-bottom previewManageButton\"><\/div>\n<\/div>\n<\/div>\n<\/div>\n<\/div>\n<\/div>\n<\/div>\n<\/div>\n<\/div>\n<div class=\"p-s-m on-bottom previewManageButton\"><\/div>\n<\/div>\n<\/div>\n<\/div>\n<\/div>\n<\/div>\n<\/div>\n<div class=\"col-xs-12 col-sm-6 col-md-4 s123-col-centered\">\n<div class=\"feature-item preview-highlighter p-m-b-highlight\" data-unique-id=\"5f6c6c1d85638\"><\/div>\n<\/div>\n<p>[\/et_pb_text][\/et_pb_column][\/et_pb_row][et_pb_row _builder_version=\u00bb3.25&#8243; custom_margin=\u00bb|auto||209px||\u00bb custom_padding=\u00bb|0px||||\u00bb][et_pb_column type=\u00bb4_4&#8243; _builder_version=\u00bb3.25&#8243; custom_padding=\u00bb|||\u00bb custom_padding__hover=\u00bb|||\u00bb][et_pb_text _builder_version=\u00bb3.27.4&#8243; text_font=\u00bb||||||||\u00bb link_font=\u00bb||||||||\u00bb ul_font=\u00bb||||||||\u00bb ol_font=\u00bb||||||||\u00bb quote_font=\u00bb||||||||\u00bb header_font=\u00bb||||||||\u00bb header_2_font=\u00bbRubik|700|||||||\u00bb header_2_font_size=\u00bb42px\u00bb header_2_line_height=\u00bb1.2em\u00bb module_alignment=\u00bbcenter\u00bb custom_margin=\u00bb|||\u00bb custom_padding=\u00bb|||\u00bb header_2_font_size_tablet=\u00bb\u00bb header_2_font_size_phone=\u00bb36px\u00bb header_2_font_size_last_edited=\u00bbon|phone\u00bb locked=\u00bboff\u00bb][\/et_pb_text][\/et_pb_column][\/et_pb_row][\/et_pb_section]<\/p>\n","protected":false},"excerpt":{"rendered":"<p>[et_pb_section fb_built=\u00bb1&#8243; admin_label=\u00bbHero\u00bb _builder_version=\u00bb4.6.6&#8243; use_background_color_gradient=\u00bbon\u00bb background_color_gradient_start=\u00bbrgba(40,40,40,0.79)\u00bb background_color_gradient_end=\u00bbrgba(40,40,40,0.86)\u00bb background_color_gradient_type=\u00bbradial\u00bb background_color_gradient_direction_radial=\u00bbtop left\u00bb background_color_gradient_overlays_image=\u00bbon\u00bb background_image=\u00bbhttp:\/\/www.avantiare.es\/wp-content\/uploads\/2020\/12\/logo-AVANTIARE-scaled.jpg\u00bb custom_margin=\u00bb||||false\u00bb custom_padding=\u00bb10vw||10vw||true|false\u00bb][et_pb_row column_structure=\u00bb2_3,1_3&#8243; _builder_version=\u00bb4.6.6&#8243; hover_enabled=\u00bb0&#8243; sticky_enabled=\u00bb0&#8243;][et_pb_column type=\u00bb2_3&#8243; _builder_version=\u00bb3.25&#8243; custom_padding=\u00bb|||\u00bb custom_padding__hover=\u00bb|||\u00bb][et_pb_text _builder_version=\u00bb4.6.6&#8243; text_font=\u00bb||||||||\u00bb text_text_color=\u00bb#e02b20&#8243; header_font=\u00bbRubik|700|||||||\u00bb header_font_size=\u00bb64px\u00bb header_line_height=\u00bb1.1em\u00bb background_color=\u00bbrgba(0,0,0,0)\u00bb background_enable_image=\u00bboff\u00bb background_layout=\u00bbdark\u00bb max_width=\u00bb800px\u00bb custom_margin=\u00bb||0px|\u00bb custom_padding=\u00bb|||16px\u00bb hover_enabled=\u00bb0&#8243; text_font_size_tablet=\u00bb14px\u00bb text_font_size_last_edited=\u00bboff|desktop\u00bb header_font_size_tablet=\u00bb44px\u00bb header_font_size_phone=\u00bb32px\u00bb header_font_size_last_edited=\u00bbon|phone\u00bb border_color_all=\u00bb#e02b20&#8243; border_width_left=\u00bb10px\u00bb header_text_color=\u00bb#ffffff\u00bb sticky_enabled=\u00bb0&#8243;] En que consiste Avantiare [\/et_pb_text][\/et_pb_column][et_pb_column type=\u00bb1_3&#8243; _builder_version=\u00bb3.25&#8243; custom_padding=\u00bb|||\u00bb custom_padding__hover=\u00bb|||\u00bb][\/et_pb_column][\/et_pb_row][\/et_pb_section][et_pb_section fb_built=\u00bb1&#8243; admin_label=\u00bbProject [&hellip;]<\/p>\n","protected":false},"author":2,"featured_media":0,"parent":0,"menu_order":0,"comment_status":"closed","ping_status":"closed","template":"","meta":{"_et_pb_use_builder":"on","_et_pb_old_content":"","_et_gb_content_width":""},"_links":{"self":[{"href":"https:\/\/www.avantiare.es\/index.php?rest_route=\/wp\/v2\/pages\/211"}],"collection":[{"href":"https:\/\/www.avantiare.es\/index.php?rest_route=\/wp\/v2\/pages"}],"about":[{"href":"https:\/\/www.avantiare.es\/index.php?rest_route=\/wp\/v2\/types\/page"}],"author":[{"embeddable":true,"href":"https:\/\/www.avantiare.es\/index.php?rest_route=\/wp\/v2\/users\/2"}],"replies":[{"embeddable":true,"href":"https:\/\/www.avantiare.es\/index.php?rest_route=%2Fwp%2Fv2%2Fcomments&post=211"}],"version-history":[{"count":7,"href":"https:\/\/www.avantiare.es\/index.php?rest_route=\/wp\/v2\/pages\/211\/revisions"}],"predecessor-version":[{"id":229,"href":"https:\/\/www.avantiare.es\/index.php?rest_route=\/wp\/v2\/pages\/211\/revisions\/229"}],"wp:attachment":[{"href":"https:\/\/www.avantiare.es\/index.php?rest_route=%2Fwp%2Fv2%2Fmedia&parent=211"}],"curies":[{"name":"wp","href":"https:\/\/api.w.org\/{rel}","templated":true}]}}