{"id":409,"date":"2021-03-15T09:48:33","date_gmt":"2021-03-15T08:48:33","guid":{"rendered":"http:\/\/www.avantiare.es\/?page_id=409"},"modified":"2021-03-15T11:52:03","modified_gmt":"2021-03-15T10:52:03","slug":"409-2","status":"publish","type":"page","link":"https:\/\/www.avantiare.es\/?page_id=409","title":{"rendered":"Estructura prefabricados"},"content":{"rendered":"<p>[et_pb_section fb_built=\u00bb1&#8243; use_custom_gutter=\u00bbon\u00bb gutter_width=\u00bb1&#8243; specialty=\u00bbon\u00bb background_color_2=\u00bb#f7f7f7&#8243; padding_top_2=\u00bb60px\u00bb admin_label=\u00bbAbout Us\u00bb module_class=\u00bb et_pb_specialty_fullwidth\u00bb _builder_version=\u00bb4.6.6&#8243; use_background_color_gradient=\u00bbon\u00bb background_color_gradient_start=\u00bbrgba(12,12,12,0.4)\u00bb background_color_gradient_end=\u00bbrgba(12,12,12,0)\u00bb background_color_gradient_type=\u00bbradial\u00bb background_color_gradient_direction_radial=\u00bbtop left\u00bb background_color_gradient_overlays_image=\u00bbon\u00bb background_image=\u00bbhttp:\/\/www.avantiare.es\/wp-content\/uploads\/2021\/03\/unnamed.png\u00bb inner_width=\u00bb100%\u00bb inner_width_tablet=\u00bb100%\u00bb inner_width_phone=\u00bb\u00bb inner_width_last_edited=\u00bbon|desktop\u00bb inner_max_width=\u00bb100%\u00bb inner_max_width_tablet=\u00bb100%\u00bb inner_max_width_phone=\u00bb\u00bb inner_max_width_last_edited=\u00bbon|desktop\u00bb custom_margin=\u00bb|||\u00bb custom_padding=\u00bb0px|0px|0px|0px|true|false\u00bb make_fullwidth=\u00bbon\u00bb][et_pb_column type=\u00bb1_3&#8243; _builder_version=\u00bb3.25&#8243; custom_padding=\u00bb|||\u00bb custom_padding__hover=\u00bb|||\u00bb][et_pb_divider show_divider=\u00bboff\u00bb _builder_version=\u00bb4.6.6&#8243; background_image=\u00bbhttp:\/\/www.avantiare.es\/wp-content\/uploads\/2021\/03\/unnamed.png\u00bb height=\u00bb240px\u00bb][\/et_pb_divider][\/et_pb_column][et_pb_column type=\u00bb2_3&#8243; specialty_columns=\u00bb2&#8243; _builder_version=\u00bb3.25&#8243; background_color=\u00bb#f7f7f7&#8243; custom_padding=\u00bb|||\u00bb custom_padding__hover=\u00bb|||\u00bb][et_pb_row_inner custom_padding_last_edited=\u00bbon|tablet\u00bb _builder_version=\u00bb3.25&#8243; custom_margin=\u00bb|||\u00bb custom_padding=\u00bb|8vw|45px|8vw|false|false\u00bb custom_padding_tablet=\u00bb|40px||40px||true\u00bb custom_padding_phone=\u00bb\u00bb][et_pb_column_inner saved_specialty_column_type=\u00bb2_3&#8243; _builder_version=\u00bb3.25&#8243; custom_padding=\u00bb|||\u00bb custom_padding__hover=\u00bb|||\u00bb][et_pb_text _builder_version=\u00bb3.27.4&#8243; text_font=\u00bb||||||||\u00bb header_font=\u00bb||||||||\u00bb header_2_font=\u00bbRubik|700|||||||\u00bb header_2_font_size=\u00bb42px\u00bb header_2_line_height=\u00bb1.2em\u00bb module_alignment=\u00bbcenter\u00bb custom_margin=\u00bb|||\u00bb custom_padding=\u00bb|||\u00bb header_2_font_size_tablet=\u00bb\u00bb header_2_font_size_phone=\u00bb36px\u00bb header_2_font_size_last_edited=\u00bbon|phone\u00bb locked=\u00bboff\u00bb]<\/p>\n<h2>ESTRUCTURAS<\/h2>\n<p>[\/et_pb_text][et_pb_divider color=\u00bb#B3B3B3&#8243; divider_position=\u00bbcenter\u00bb divider_weight=\u00bb5px\u00bb _builder_version=\u00bb4.9.2&#8243; max_width=\u00bb50px\u00bb hover_enabled=\u00bb0&#8243; sticky_enabled=\u00bb0&#8243;][\/et_pb_divider][\/et_pb_column_inner][\/et_pb_row_inner][et_pb_row_inner use_custom_gutter=\u00bbon\u00bb custom_padding_last_edited=\u00bbon|tablet\u00bb _builder_version=\u00bb3.25&#8243; module_alignment=\u00bbcenter\u00bb custom_margin=\u00bb|||\u00bb custom_padding=\u00bb0px|8vw|0px|8vw|true|true\u00bb custom_padding_tablet=\u00bb|40px||40px||true\u00bb custom_padding_phone=\u00bb\u00bb][et_pb_column_inner saved_specialty_column_type=\u00bb2_3&#8243; _builder_version=\u00bb3.25&#8243; custom_padding=\u00bb|||\u00bb custom_padding_tablet=\u00bb|0px||\u00bb custom_padding_last_edited=\u00bboff|desktop\u00bb padding_tablet=\u00bb|0px||\u00bb padding_last_edited=\u00bboff|desktop\u00bb custom_padding__hover=\u00bb|||\u00bb][et_pb_text _builder_version=\u00bb4.6.6&#8243; text_font=\u00bb||||||||\u00bb text_font_size=\u00bb15px\u00bb text_line_height=\u00bb1.8em\u00bb custom_padding=\u00bb|||\u00bb custom_padding_tablet=\u00bb|40px||40px||true\u00bb custom_padding_last_edited=\u00bboff|desktop\u00bb]<\/p>\n<p><strong>ESTRUCTURAS \u00a0 PREFABRICADAS:<\/strong><\/p>\n<p>o PILARES<\/p>\n<p>o M\u00c9NSULAS \u00a0Y \u00a0ANCLAJES<\/p>\n<p>o VIGAS \u00a0DELTA<\/p>\n<p>o CORREAS \u00a0DE \u00a0CUBIERTA<\/p>\n<p>o VIGAS \u00a0DE \u00a0ATADO<\/p>\n<p>o VIGAS \u00a0PI\u00d1\u00d3N \u00a0o \u00a0HASTIAL<\/p>\n<p>o LOSA \u00a0ALVEOLAR Y FORJADOS<\/p>\n<p>o VIGAS \u00a0\u201cI\u201d<\/p>\n<p>&nbsp;<\/p>\n<p><strong>PILARES<\/strong><\/p>\n<p>Fabricaci\u00f3n piezas prefabricadas de hormig\u00f3n armado para pilares con una amplia gama de secciones, tanto rectangulares como cuadradas.<\/p>\n<p><strong>FABRICACI\u00d3N<\/strong><\/p>\n<p>Nuestros pilares se fabrican en moldes horizontales, lo que garantiza la homogeneidad del hormig\u00f3n y el acabado prefecto (tres caras vistas, una cara rugosa). Se cuida especialmente el recubrimiento de las armaduras y la calidad de los hormigones , conforme a las prescripciones del marcado CE.<\/p>\n<p><strong>CUALIDADES T\u00c9CNICAS<\/strong><\/p>\n<p>El empleo de materias primas de alta calidad y el control constante y riguroso de nuestro proceso de fabricaci\u00f3n, junto con el cumplimiento fiel de las normas en vigor garantizan a nuestros clientes la utilizaci\u00f3n de nuestros pilares . Se fabrican con un hormig\u00f3n que tiene una resistencia caracter\u00edstica de 30 N\/mm2 a 45 N\/mm2.<\/p>\n<p><img src=\"https:\/\/static.s123-cdn-static.com\/uploads\/4225708\/2000_5f6337fc68d3c.jpg\" class=\"fr-fic fr-dib\" \/><\/p>\n<p>&nbsp;<\/p>\n<p><strong>BASE DE PILARES Y M\u00c9NSULAS<\/strong><\/p>\n<p><strong>BASE DE PILARES<\/strong><\/p>\n<p>Unimos nuestros pilares a la cimentaci\u00f3n con todos los sistemas habituales en el mercado y disponemos de los medios t\u00e9cnicos para el montaje con todos estos sistemas .<\/p>\n<p><img src=\"https:\/\/static.s123-cdn-static.com\/uploads\/4225708\/2000_5f63376231b4d.jpg\" class=\"fr-fic fr-dib\" \/><\/p>\n<p><strong>M\u00c9NSULAS Y ANCLAJES<\/strong><\/p>\n<p>Nuestros pilares pueden llevar m\u00e9nsulas en una amplia variedad de caras y alturas, adapt\u00e1ndonos a las exigencias a resolver en proyecto.<\/p>\n<p>As\u00ed como los refuerzos necesarios para la instalaci\u00f3n de puentes gr\u00faa.<\/p>\n<p><img src=\"https:\/\/static.s123-cdn-static.com\/uploads\/4225708\/2000_5f6338410eaa1.jpg\" class=\"fr-fic fr-dib\" \/><\/p>\n<p>&nbsp;<\/p>\n<p><strong>VIGAS DELTA \u00a0Y CORREAS DE CUBIERTA<\/strong><\/p>\n<p><strong>VIGAS DELTA<\/strong><\/p>\n<p>Nuestra producci\u00f3n de vigas delta, nos permite adaptar las luces , desde 12 metros hasta un m\u00e1ximo de 40 metros y con un 10% de pendiente a dos aguas. Interiormente est\u00e1n armadas con cables de acero pretensado y hierro ferrallado B-500 y llevan los sistemas de anclaje para la instalaci\u00f3n de las correas de cubierta. Estas luces proporcionan grandes espacios di\u00e1fanos ideales para centros de distribuci\u00f3n y empresas que necesiten dicho espacio por exigencias de maquinaria o producci\u00f3n.<\/p>\n<p><strong>CORREAS DE CUBIERTA<\/strong><\/p>\n<p>Las correas de cubierta est\u00e1n fabricadas en hormig\u00f3n y cable de acero pretensado con una longitud variable, sirviendo de apoyo para la instalaci\u00f3n de la cubierta de la nave sea del tipo elegido, (panel s\u00e1ndwich, chapa prelacada, etc.) al mismo tiempo que act\u00faan de uni\u00f3n entre cerchas, permitiendo distancias de hasta 15 metros entre los p\u00f3rticos.<\/p>\n<p><img src=\"https:\/\/static.s123-cdn-static.com\/uploads\/4225708\/2000_5f633a385c4b2.jpg\" class=\"fr-fic fr-dib\" \/><\/p>\n<p>&nbsp;<\/p>\n<p><strong>VIGAS \u201cI\u201d \u00a0y VIGAS PUENTES<\/strong><\/p>\n<p><strong>VIGAS \u201cI\u201d \u00a0FORJADOS \u00a0Y \u00a0CUBIERTAS<\/strong><\/p>\n<p>Nuestra producci\u00f3n de vigas \u201cI\u201d, con cantos desde 60 cm nos permite hacer un uso como vigas de carga de forjados y cubiertas a un agua en edificaci\u00f3n..<\/p>\n<p><img src=\"https:\/\/static.s123-cdn-static.com\/uploads\/4225708\/2000_5f633f8defac0.jpg\" class=\"fr-fic fr-dib\" \/><img src=\"https:\/\/static.s123-cdn-static.com\/uploads\/4225708\/2000_5f633f981d07b.jpg\" class=\"fr-fic fr-dib\" \/><\/p>\n<p><strong>VIGAS PUENTE<\/strong><\/p>\n<p>La utilizaci\u00f3n de elementos prefabricados de hormig\u00f3n en la construcci\u00f3n de puentes tiene indudables ventajas:<\/p>\n<p>-Fabricaci\u00f3n independiente que permite simultanear la ejecuci\u00f3n con otros elementos para la reducci\u00f3n de plazos de construcci\u00f3n<\/p>\n<p>-Uso de hormigones de mayor resistencia y mejores prestaciones.<\/p>\n<p>&#8211; Las tolerancias de fabricaci\u00f3n, la calidad del acabado y el Control de Calidad son mejores<\/p>\n<p>-Ahorro de apuntalamientos, cimbras y encofrados en la obra.<\/p>\n<p>-Disponibles en varios cantos dependiendo de la carga de uso de cada proyecto, desde 60 a 180 cm.<\/p>\n<p><img src=\"https:\/\/static.s123-cdn-static.com\/uploads\/4225708\/2000_5f633fdd63a80.jpg\" class=\"fr-fic fr-dib\" \/><\/p>\n<p>&nbsp;<\/p>\n<p>[\/et_pb_text][\/et_pb_column_inner][\/et_pb_row_inner][\/et_pb_column][\/et_pb_section]<\/p>\n","protected":false},"excerpt":{"rendered":"<p>[et_pb_section fb_built=\u00bb1&#8243; use_custom_gutter=\u00bbon\u00bb gutter_width=\u00bb1&#8243; specialty=\u00bbon\u00bb background_color_2=\u00bb#f7f7f7&#8243; padding_top_2=\u00bb60px\u00bb admin_label=\u00bbAbout Us\u00bb module_class=\u00bb et_pb_specialty_fullwidth\u00bb _builder_version=\u00bb4.6.6&#8243; use_background_color_gradient=\u00bbon\u00bb background_color_gradient_start=\u00bbrgba(12,12,12,0.4)\u00bb background_color_gradient_end=\u00bbrgba(12,12,12,0)\u00bb background_color_gradient_type=\u00bbradial\u00bb background_color_gradient_direction_radial=\u00bbtop left\u00bb background_color_gradient_overlays_image=\u00bbon\u00bb background_image=\u00bbhttp:\/\/www.avantiare.es\/wp-content\/uploads\/2021\/03\/unnamed.png\u00bb inner_width=\u00bb100%\u00bb inner_width_tablet=\u00bb100%\u00bb inner_width_phone=\u00bb\u00bb inner_width_last_edited=\u00bbon|desktop\u00bb inner_max_width=\u00bb100%\u00bb inner_max_width_tablet=\u00bb100%\u00bb inner_max_width_phone=\u00bb\u00bb inner_max_width_last_edited=\u00bbon|desktop\u00bb custom_margin=\u00bb|||\u00bb custom_padding=\u00bb0px|0px|0px|0px|true|false\u00bb make_fullwidth=\u00bbon\u00bb][et_pb_column type=\u00bb1_3&#8243; _builder_version=\u00bb3.25&#8243; custom_padding=\u00bb|||\u00bb custom_padding__hover=\u00bb|||\u00bb][et_pb_divider show_divider=\u00bboff\u00bb _builder_version=\u00bb4.6.6&#8243; background_image=\u00bbhttp:\/\/www.avantiare.es\/wp-content\/uploads\/2021\/03\/unnamed.png\u00bb height=\u00bb240px\u00bb][\/et_pb_divider][\/et_pb_column][et_pb_column type=\u00bb2_3&#8243; specialty_columns=\u00bb2&#8243; _builder_version=\u00bb3.25&#8243; background_color=\u00bb#f7f7f7&#8243; custom_padding=\u00bb|||\u00bb custom_padding__hover=\u00bb|||\u00bb][et_pb_row_inner custom_padding_last_edited=\u00bbon|tablet\u00bb _builder_version=\u00bb3.25&#8243; custom_margin=\u00bb|||\u00bb custom_padding=\u00bb|8vw|45px|8vw|false|false\u00bb custom_padding_tablet=\u00bb|40px||40px||true\u00bb custom_padding_phone=\u00bb\u00bb][et_pb_column_inner saved_specialty_column_type=\u00bb2_3&#8243; _builder_version=\u00bb3.25&#8243; custom_padding=\u00bb|||\u00bb custom_padding__hover=\u00bb|||\u00bb][et_pb_text [&hellip;]<\/p>\n","protected":false},"author":2,"featured_media":0,"parent":0,"menu_order":0,"comment_status":"closed","ping_status":"closed","template":"","meta":{"_et_pb_use_builder":"on","_et_pb_old_content":"","_et_gb_content_width":""},"_links":{"self":[{"href":"https:\/\/www.avantiare.es\/index.php?rest_route=\/wp\/v2\/pages\/409"}],"collection":[{"href":"https:\/\/www.avantiare.es\/index.php?rest_route=\/wp\/v2\/pages"}],"about":[{"href":"https:\/\/www.avantiare.es\/index.php?rest_route=\/wp\/v2\/types\/page"}],"author":[{"embeddable":true,"href":"https:\/\/www.avantiare.es\/index.php?rest_route=\/wp\/v2\/users\/2"}],"replies":[{"embeddable":true,"href":"https:\/\/www.avantiare.es\/index.php?rest_route=%2Fwp%2Fv2%2Fcomments&post=409"}],"version-history":[{"count":5,"href":"https:\/\/www.avantiare.es\/index.php?rest_route=\/wp\/v2\/pages\/409\/revisions"}],"predecessor-version":[{"id":465,"href":"https:\/\/www.avantiare.es\/index.php?rest_route=\/wp\/v2\/pages\/409\/revisions\/465"}],"wp:attachment":[{"href":"https:\/\/www.avantiare.es\/index.php?rest_route=%2Fwp%2Fv2%2Fmedia&parent=409"}],"curies":[{"name":"wp","href":"https:\/\/api.w.org\/{rel}","templated":true}]}}